s 24062 + 5?
24067
In base 8, what is 41 - 162163?
-162122
In base 5, what is -1044033 + 10?
-1044023
In base 9, what is -45220 - 4?
-45224
In base 7, what is -213051 - -40?
-213011
In base 11, what is -4 + -9234?
-9238
In base 16, what is f + -1400?
-13f1
In base 4, what is -22202022 - -1113?
-22200303
In base 7, what is -5 + -232201?
-232206
In base 15, what is 4 + 2ca76?
2ca7a
In base 10, what is 4885692 + -3?
4885689
In base 6, what is 11052542 + -5?
11052533
In base 15, what is 7e + -607?
-578
In base 3, what is -210 + 2121010122?
2121002212
In base 9, what is 100447 - -4?
100452
In base 4, what is 111031 - -31?
111122
In base 12, what is -1b199 - ab?
-1b288
In base 3, what is 1101 - -210?
2011
In base 16, what is -1 - 1b232?
-1b233
In base 2, what is -100110110 + -10000001110?
-10101000100
In base 16, what is 2 - -8935?
8937
In base 6, what is -2532 - -205?
-2323
In base 8, what is -4 + -3536301?
-3536305
In base 7, what is 636 - 65?
541
In base 3, what is 1021 - -22010021?
22011112
In base 2, what is -1000001 - -100110100001?
100101100000
In base 6, what is -4 + -243125?
-243133
In base 5, what is -40121 - -21?
-40100
In base 13, what is 1 + 18168?
18169
In base 2, what is -11100010010010 - 100?
-11100010010110
In base 10, what is 3 + 82062?
82065
In base 10, what is 11 - 1222?
-1211
In base 3, what is 10022012 - 112?
10021200
In base 16, what is 266f9 - -3?
266fc
In base 11, what is 55 - -2a15?
2a6a
In base 3, what is -210120 - 2020?
-212210
In base 16, what is a9 + -2b4?
-20b
In base 4, what is 3113322 - -10?
3113332
In base 7, what is 2 + -113502?
-113500
In base 10, what is -4 - -127598?
127594
In base 9, what is -5 - 31632?
-31637
In base 3, what is 10222 + -1122?
2100
In base 9, what is 106 - 2285?
-2178
In base 15, what is 4aa40 + 7?
4aa47
In base 4, what is 1201 - -102333?
110200
In base 7, what is 1314021 + -13?
1314005
In base 14, what is 0 - 8dc8?
-8dc8
In base 16, what is -eb4 - 2?
-eb6
In base 15, what is 1 - -78c?
78d
In base 11, what is -1 - 108a64?
-108a65
In base 4, what is 221122 - -2?
221130
In base 4, what is -1013 - 223223?
-230302
In base 7, what is -5 + -2635?
-2643
In base 6, what is 5 + 32531?
32540
In base 3, what is 21100 - 2222110?
-2201010
In base 8, what is -20102 - -605?
-17275
In base 13, what is 2a7 - -7a4?
a7b
In base 13, what is 2 + -6229?
-6227
In base 11, what is -a0a2 - -18?
-a085
In base 13, what is 274 - -1?
275
In base 9, what is 84 + 210?
304
In base 15, what is 432e + -7?
4327
In base 16, what is 13a3 + 13?
13b6
In base 5, what is 33 + -204123?
-204040
In base 8, what is 272 + -357?
-65
In base 4, what is -100200212 + -10?
-100200222
In base 16, what is -cb2 + -19e?
-e50
In base 14, what is -abd57 + -c?
-abd65
In base 14, what is 3 - 39ba?
-39b7
In base 12, what is -5 - 2130b6?
-2130bb
In base 8, what is 2 + -30126?
-30124
In base 5, what is -114220 + -31?
-114301
In base 9, what is 4205 + 248?
4454
In base 5, what is 20021423 - -10?
20021433
In base 10, what is -3508062 + -1?
-3508063
In base 15, what is 25d84 + 7?
25d8b
In base 11, what is -604608 - -3?
-604605
In base 6, what is 5 - -122352?
122401
In base 16, what is 7 + -1400?
-13f9
In base 15, what is 45 - 4dc5?
-4d80
In base 11, what is -3 + -218741?
-218744
In base 15, what is 0 - -4940?
4940
In base 7, what is -3153134 + 2?
-3153132
In base 13, what is 1c5 - -198?
390
In base 10, what is 23869 - 12?
23857
In base 7, what is -3265234 + 2?
-3265232
In base 10, what is -85 - -1048?
963
In base 8, what is 264 + -274?
-10
In base 11, what is -6 + -2440a?
-24415
In base 11, what is -3 + 1575?
1572
In base 15, what is 38a1 - 2d?
3873
In base 7, what is -20134 + -54?
-20221
In base 10, what is 23114 - 52?
23062
In base 3, what is -2112001 + -12?
-2112020
In base 3, what is 22021201 - -21112?
22120020
In base 3, what is 102002100 - -12?
102002112
In base 15, what is -1 + -3e70?
-3e71
In base 2, what is 10111101 - -1001001?
100000110
In base 5, what is -300342 + -344?
-301241
In base 12, what is 4 - 4a53?
-4a4b
In base 15, what is -a + 145?
13a
In base 15, what is 4 + -1a113?
-1a10e
In base 12, what is 7b + 35a?
419
In base 8, what is 370 + 1446?
2036
In base 14, what is db - a6?
35
In base 5, what is -303221 + 102?
-303114
In base 8, what is -4535 + 4?
-4531
In base 2, what is 1010 - 11000110100101011?
-11000110100100001
In base 16, what is 81 - 4765?
-46e4
In base 12, what is 33a - 83?
277
In base 12, what is -2657 + -43?
-269a
In base 3, what is -10202112202 + 11?
-10202112121
In base 12, what is -19 - 671b?
-6738
In base 16, what is 2 + -4d2c?
-4d2a
In base 5, what is -112403 - 0?
-112403
In base 10, what is -8 - 313312?
-313320
In base 15, what is -35 - -338?
303
In base 2, what is 10110 + 110100110110?
110101001100
In base 10, what is 142535 + -4?
142531
In base 3, what is -1 + 22220201001?
22220201000
In base 16, what is e - 629?
-61b
In base 13, what is -1218 - -118?
-1100
In base 4, what is 12 + -2231111001?
-2231110323
In base 6, what is 45 - -4532013?
4532102
In base 15, what is -4477 - b5?
-453c
In base 11, what is 14109 + 220?
14329
In base 3, what is 2101002102 + 11?
2101002120
In base 11, what is 41 - 864?
-823
In base 10, what is -31 - 72449?
-72480
In base 11, what is 2 - -8206?
8208
In base 12, what is 1a1a6 - -4?
1a1aa
In base 6, what is -4554 - 512?
-5510
In base 15, what is -38a7 - -4?
-38a3
In base 12, what is -919 + -11?
-92a
In base 16, what is -1 + -1f4de?
-1f4df
In base 4, what is -1002 + -221103?
-222111
In base 6, what is 2 + -23012?
-23010
In base 6, what is 1553 - -21?
2014
In base 6, what is 15431 + -225?
15202
In base 12, what is -36582 + 3?
-3657b
In base 14, what is 3c4 + -256?
16c
In base 10, what is 7 - -1069?
1076
In base 2, what is -1010000101001110 + 1?
-1010000101001101
In base 8, what is 4 + 27020?
27024
In base 2, what is -1 - 111111110110?
-111111110111
In base 10, what is -101 - -19?
-82
In base 9, what is -1211441 - -5?
-1211435
In base 10, what is 26 - 65424?
-65398
In base 6, what is 14230 + -3245?
10541
In base 10, what is -3 + 1833?
1830
In base 8, what is -3 + -30522?
-30525
In base 8, what is 1432 - -10?
1442
In base 12, what is -9414 - -1?
-9413
In base 16, what is -1 - 390d?
-390e
In base 2, what is -101100111100001101101 - -11?
-101100111100001101010
In base 13, what is -1404 - 160?
-1564
In base 9, what is 35 - 2137?
-2102
In base 13, what is 496 + -c0a?
-744
In base 3, what is -120101222 - -10?
-120101212
In base 16, what is 6 + -f15?
-f0f
In base 5, what is -21401 + -140?
-22041
In base 16, what is 5 - -1677b?
16780
In base 4, what is -33 - 1030301?
-1031000
In base 10, what is 63 - -347?
410
In base 2, what is 1101 - -1100000101110?
1100000111011
In base 2, what is 1011111101 + 10000?
1100001101
In base 4, what is -1 + 3122232?
3122231
In base 14, what is 60cb - 4?
60c7
In base 10, what is -1 + -414325?
-414326
In base 10, what is 348 - 1292?
-944
In base 12, what is -15ba9b + 2?
-15ba99
In base 15, what is -1dc7a - -5?
-1dc75
In base 13, what is -77a7 - -3?
-77a4
In base 11, what is -2a5 - -4?
-2a1
In base 10, what is -209062 + 5?
-209057
In base 4, what is -1132012 + -12?
-1132030
In base 4, what is -22120 - 230?
-23010
In base 16, what is -daf2 - 5?
-daf7
In base 15, what is -531 + 14?
-51c
In base 5, what is 342142221 + 2?
342142223
In base 2, what is 101 + -10010110111100000011?
-10010110111011111110
In base 11, what is -62179 + -3?
-62181
In base 3, what is 102010 - -1201?
110211
In base 16, what is -5 - -78feb?
78fe6
In base 11, what is -1869a38 + -2?
-1869a3a
In base 8, what is 264 + -534?
-250
In base 5, what is -20014 + 1014?
-14000
In base 4, what is -120120 - 30201?
-210321
In base 10, what is 4 + 2034?
2038
In base 2, what is 110001100100100011 - 11?
110001100100100000
In base 2, what is 0 - 1110001000100?
-1110001000100
In base 6, what is -203112 - -3?
-203105
In base 9, what is 111800 - -5?
111805
In base 12, what is 73a9 + -241?
7168
In base 2, what is 111011111 + 111001?
1000011000
In base 2, what is 110000001010 + -1011000010?
100101001000
In base 8, what is 0 - -37665?
37665
In base 3, what is 22020221 + -10?
22020211
In base 5, what is -1140 + -212?
-1402
In base 12, what is 836222 - 3?
83621b
In base 2, what is 111 + -101001001111?
-101001001000
In base 6, what i